{"id":99,"date":"2017-12-04T16:37:16","date_gmt":"2017-12-04T15:37:16","guid":{"rendered":"https:\/\/www.elbenwald-festival.de\/?page_id=99"},"modified":"2026-03-17T09:36:43","modified_gmt":"2026-03-17T08:36:43","slug":"das-festival","status":"publish","type":"page","link":"https:\/\/www.elbenwald.de\/Festival\/das-festival\/","title":{"rendered":"Das Festival"},"content":{"rendered":"<h3 style=\"text-align: center;\">Elbenwald Festival 2026<\/h3>\n<p style=\"text-align: center;\">Das Elbenwald Festival 2026 findet vom 7. bis 9. August 2026 im Spreeauenpark Cottbus statt. Ob nur f\u00fcr einen Tag oder f\u00fcr alle drei Tage, ob eigenes Zelt oder Komfort-Camping \u2013 schnapp dir jetzt dein Ticket f\u00fcr das fantastischste Wochenende des Jahres.<\/p>\n<p style=\"text-align: center; margin: 25px 0 50px;\"><a class=\"button\" href=\"https:\/\/festival.elbenwald.de\/\" rel=\"noopener\">Jetzt Ticket sichern<\/a><\/p>\n<hr style=\"height: 4px; background: #eee; margin: 2em auto; border: 0;\" \/>\n<h3 class=\"text-align:center\" style=\"text-align: center;\">Newsticker<\/h3>\n<p style=\"text-align: center;\"><div class=\"home-news\"><div class=\"listing-item\"><a class=\"title\" href=\"https:\/\/www.elbenwald.de\/Festival\/2026\/03\/25\/elbenwald-auf-der-manga-comic-con-merch-cosplays-sauron-ente\/\">Elbenwald auf der Manga Comic Con: Merch, Cosplays &#038; Sauron-Ente<\/a> <span class=\"excerpt\">Am Wochenende trafen sich unz\u00e4hlige Buch-, Graphic Novel- und Mangabegeisterte sowie jede Menge kinnladenrunterklappenlassende Cosplayende auf der Manga Comic Con! F\u00fcr sie alle gab es&hellip;<p><a class=\"moretag\" href=\"https:\/\/www.elbenwald.de\/Festival\/2026\/03\/25\/elbenwald-auf-der-manga-comic-con-merch-cosplays-sauron-ente\/\">Mehr lesen &rarr;<\/a><\/p><\/span><\/div><div class=\"listing-item\"><a class=\"title\" href=\"https:\/\/www.elbenwald.de\/Festival\/2025\/12\/12\/erste-highlights-fuers-elbenwald-festival-2026\/\">Erste Highlights f\u00fcrs Elbenwald Festival 2026<\/a> <span class=\"excerpt\">Die erste Line-up-Welle ist drau\u00dfen und bei uns steigt direkt die Vorfreude. Jede Menge Highlights stehen schon fest und geben einen guten Vorgeschmack auf den&hellip;<p><a class=\"moretag\" href=\"https:\/\/www.elbenwald.de\/Festival\/2025\/12\/12\/erste-highlights-fuers-elbenwald-festival-2026\/\">Mehr lesen &rarr;<\/a><\/p><\/span><\/div><div class=\"listing-item\"><a class=\"title\" href=\"https:\/\/www.elbenwald.de\/Festival\/2025\/09\/25\/endlich-der-aftermovie-2025\/\">Endlich: Der Aftermovie 2025!<\/a> <span class=\"excerpt\">Ukulelespielende Stormtrooper, gymnastikballkickende S\u00e4nger und mindestens ein betrunkener Pirat, von dem ihr garantiert schon geh\u00f6rt habt. Dazu jede Menge Seifenblasen, Eis, Pferde (echte und solche&hellip;<p><a class=\"moretag\" href=\"https:\/\/www.elbenwald.de\/Festival\/2025\/09\/25\/endlich-der-aftermovie-2025\/\">Mehr lesen &rarr;<\/a><\/p><\/span><\/div><\/div>\n<p style=\"text-align: center; margin: 25px 0 50px;\"><a class=\"button\" href=\"https:\/\/www.elbenwald.de\/Festival\/news\/\" rel=\"noopener\">Alle News anzeigen<\/a><\/p>\n<hr style=\"height: 4px; background: #eee; margin: 2em auto; border: 0;\" \/>\n<h3 style=\"text-align: center; margin-bottom: 20px;\">Impressionen 2025<\/h3>\n<p style=\"text-align: center; margin-bottom: 50px;\"><a class=\"button\" href=\"https:\/\/www.elbenwald.de\/Festival\/festival-impressionen-2025\/\" rel=\"noopener\">Galerie ansehen<\/a><\/p>\n<div class=\"video-container\" style=\"text-align: center;\"><iframe loading=\"lazy\" src=\"https:\/\/www.youtube.com\/embed\/Tms6NWQoUzc\" width=\"560\" height=\"315\" frameborder=\"0\" allowfullscreen=\"allowfullscreen\" title=\"Elbenwald Festival 2025: Official Aftermovie\"><\/iframe><\/div>\n<div class=\"child-pages grid\">\n<div class=\"column one-third\">\n<article class=\"page-grid-box page type-page status-publish has-post-thumbnail\">\n<div class=\"entry-media\"><img decoding=\"async\" class=\"attachment-thefour-grid-thumbnail size-thefour-grid-thumbnail wp-post-image\" src=\"https:\/\/www.elbenwald.de\/Festival\/wp-content\/uploads\/cache\/EWF25_Atmo_GinaWetzler_GW2_9693\/3136009577.jpg\" alt=\"Eine Gruppe von Cosplayern in bunten Kost\u00fcmen sitzt auf kleinen Fahrzeugen beim Elbenwald Festival. Zu sehen sind Charaktere aus Videospielen, darunter Mario, Luigi und Prinzessin Peach, umgeben von festivaltypischer Atmosph\u00e4re und anderen Besuchern. Foto: Gina Wetzler\" \/><\/div>\n<\/article>\n<\/div>\n<div class=\"column one-third\">\n<article class=\"page-grid-box page type-page status-publish has-post-thumbnail\">\n<div class=\"entry-media\"><img decoding=\"async\" class=\"attachment-thefour-grid-thumbnail size-thefour-grid-thumbnail wp-post-image\" src=\"https:\/\/www.elbenwald.de\/Festival\/wp-content\/uploads\/cache\/EWF25_ElbenwaldInConcert_RobinSchmiedebachPhoto_20250810-212540\/3203240056.jpg\" alt=\"Elbenwald in Concert: Eine Gruppe von vier Frauen posiert l\u00e4chelnd auf dem Elbenwald Festival, w\u00e4hrend sie leuchtende Lichtschwerter in der Hand halten. Die Menge im Hintergrund ist mit bunten Lichtern erleuchtet, was die festliche und lebendige Atmosph\u00e4re des Events unterstreicht. Foto: Robin Schmiedebach\" \/><\/div>\n<\/article>\n<\/div>\n<div class=\"column one-third\">\n<article class=\"page-grid-box page type-page status-publish has-post-thumbnail\">\n<div class=\"entry-media\"><img decoding=\"async\" class=\"attachment-thefour-grid-thumbnail size-thefour-grid-thumbnail wp-post-image\" src=\"https:\/\/www.elbenwald.de\/Festival\/wp-content\/uploads\/cache\/EWF25_Versengold_Rainer_Keuenhof_R6_14987\/1772876018.jpg\" alt=\"Versengold: Bunte Lichter und eine begeisterte Menge beim Elbenwald Festival, wo Musik und Nerd-Kultur aufeinandertreffen. Die B\u00fchne ist mit Effekten beleuchtet, w\u00e4hrend K\u00fcnstler auftreten und die Zuschauer mit leuchtenden St\u00e4ben feiern. Foto: Rainer Keuenhof\" \/><\/div>\n<\/article>\n<\/div>\n<div class=\"column one-third\">\n<article class=\"page-grid-box page type-page status-publish has-post-thumbnail\">\n<div class=\"entry-media\"><img decoding=\"async\" class=\"attachment-thefour-grid-thumbnail size-thefour-grid-thumbnail wp-post-image\" src=\"https:\/\/www.elbenwald.de\/Festival\/wp-content\/uploads\/cache\/EWF25_StrangerThingsCosplaycontest_RobinSchmiedebachPhoto_20250809-172708\/2820006002.jpg\" alt=\"Stranger Things Cosplay Contest: Gruppenselfie von Festivalbesuchern in kreativen Kost\u00fcmen vor einem beeindruckenden B\u00fchnenhintergrund. Die Teilnehmer posieren mit Requisiten und einer fantasievollen Figur, die von der Popkultur inspiriert ist, und zeigen die lebendige Atmosph\u00e4re des Elbenwald Festivals. Foto: Robin Schmiedebach\" \/><\/div>\n<\/article>\n<\/div>\n<div class=\"column one-third\">\n<article class=\"page-grid-box page type-page status-publish has-post-thumbnail\">\n<div class=\"entry-media\"><img decoding=\"async\" class=\"attachment-thefour-grid-thumbnail size-thefour-grid-thumbnail wp-post-image\" src=\"https:\/\/www.elbenwald.de\/Festival\/wp-content\/uploads\/cache\/EWF25_Ukulele_RobinSchmiedebachPhoto_20250809-123046\/769779116.jpg\" alt=\"Ukulele Workshop: Musiker und Stormtrooper auf dem Elbenwald Festival: Zwei Stormtrooper sitzen mit Ukulelen auf einer B\u00fchne, w\u00e4hrend ein S\u00e4nger mit Gitarre auftritt. Die entspannte Atmosph\u00e4re und die kreative Mischung aus Musik und Nerdkultur ziehen das Publikum an. Foto: Robin Schmiedebach\" \/><\/div>\n<\/article>\n<\/div>\n<div class=\"column one-third\">\n<article class=\"page-grid-box page type-page status-publish has-post-thumbnail\">\n<div class=\"entry-media\"><img decoding=\"async\" class=\"attachment-thefour-grid-thumbnail size-thefour-grid-thumbnail wp-post-image\" src=\"https:\/\/www.elbenwald.de\/Festival\/wp-content\/uploads\/cache\/EWF25_ElbenwaldInConcert_RobinSchmiedebachPhoto_20250810-215827\/3006720488.jpg\" alt=\"Elbenwald in Concert: Ein Musiker in Anzug steht im Vordergrund einer Orchestervorstellung beim Elbenwald Festival. Im Hintergrund sind weitere Orchestermitglieder mit Geigen und Notenst\u00e4ndern zu sehen, umgeben von bunten Lichtern auf der B\u00fchne. Foto: Robin Schmiedebach\" \/><\/div>\n<\/article>\n<\/div>\n<\/div>\n<p style=\"text-align: center; margin: 50px 0;\"><a class=\"button\" href=\"https:\/\/www.elbenwald.de\/Festival\/festival-impressionen-2025\/\" rel=\"noopener\">Galerie ansehen<\/a><\/p>\n","protected":false},"excerpt":{"rendered":"<p>Elbenwald Festival 2026 Das Elbenwald Festival 2026 findet vom 7. bis 9. August 2026 im Spreeauenpark Cottbus statt. Ob nur f\u00fcr einen Tag oder f\u00fcr&hellip;<\/p>\n<p><a class=\"moretag\" href=\"https:\/\/www.elbenwald.de\/Festival\/2025\/09\/25\/endlich-der-aftermovie-2025\/\">Mehr lesen &rarr;<\/a><\/p>\n","protected":false},"author":2,"featured_media":0,"parent":0,"menu_order":0,"comment_status":"closed","ping_status":"closed","template":"templates\/grid-page.php","meta":{"inline_featured_image":false,"footnotes":""},"class_list":["post-99","page","type-page","status-publish","hentry"],"aioseo_notices":[],"_links":{"self":[{"href":"https:\/\/www.elbenwald.de\/Festival\/wp-json\/wp\/v2\/pages\/99","targetHints":{"allow":["GET"]}}],"collection":[{"href":"https:\/\/www.elbenwald.de\/Festival\/wp-json\/wp\/v2\/pages"}],"about":[{"href":"https:\/\/www.elbenwald.de\/Festival\/wp-json\/wp\/v2\/types\/page"}],"author":[{"embeddable":true,"href":"https:\/\/www.elbenwald.de\/Festival\/wp-json\/wp\/v2\/users\/2"}],"replies":[{"embeddable":true,"href":"https:\/\/www.elbenwald.de\/Festival\/wp-json\/wp\/v2\/comments?post=99"}],"version-history":[{"count":162,"href":"https:\/\/www.elbenwald.de\/Festival\/wp-json\/wp\/v2\/pages\/99\/revisions"}],"predecessor-version":[{"id":10083,"href":"https:\/\/www.elbenwald.de\/Festival\/wp-json\/wp\/v2\/pages\/99\/revisions\/10083"}],"wp:attachment":[{"href":"https:\/\/www.elbenwald.de\/Festival\/wp-json\/wp\/v2\/media?parent=99"}],"curies":[{"name":"wp","href":"https:\/\/api.w.org\/{rel}","templated":true}]}}

<h3 style="text-align: center;">Elbenwald Festival 2026</h3>
<p style="text-align: center;">Das Elbenwald Festival 2026 findet vom 7. bis 9. August 2026 im Spreeauenpark Cottbus statt. Ob nur für einen Tag oder für alle drei Tage, ob eigenes Zelt oder Komfort-Camping – schnapp dir jetzt dein Ticket für das fantastischste Wochenende des Jahres.</p>
<p style="text-align: center; margin: 25px 0 50px;"><a class="button" href="https://festival.elbenwald.de/" rel="noopener">Jetzt Ticket sichern</a></p>
<hr style="height: 4px; background: #eee; margin: 2em auto; border: 0;" />
<h3 class="text-align:center" style="text-align: center;">Newsticker</h3>
<p style="text-align: center;"><div class="home-news"><div class="listing-item"><a class="title" href="https://www.elbenwald.de/Festival/2026/03/25/elbenwald-auf-der-manga-comic-con-merch-cosplays-sauron-ente/">Elbenwald auf der Manga Comic Con: Merch, Cosplays &#038; Sauron-Ente</a> <span class="excerpt">Am Wochenende trafen sich unzählige Buch-, Graphic Novel- und Mangabegeisterte sowie jede Menge kinnladenrunterklappenlassende Cosplayende auf der Manga Comic Con! Für sie alle gab es&hellip;<p><a class="moretag" href="https://www.elbenwald.de/Festival/2026/03/25/elbenwald-auf-der-manga-comic-con-merch-cosplays-sauron-ente/">Mehr lesen &rarr;</a></p></span></div><div class="listing-item"><a class="title" href="https://www.elbenwald.de/Festival/2025/12/12/erste-highlights-fuers-elbenwald-festival-2026/">Erste Highlights fürs Elbenwald Festival 2026</a> <span class="excerpt">Die erste Line-up-Welle ist draußen und bei uns steigt direkt die Vorfreude. Jede Menge Highlights stehen schon fest und geben einen guten Vorgeschmack auf den&hellip;<p><a class="moretag" href="https://www.elbenwald.de/Festival/2025/12/12/erste-highlights-fuers-elbenwald-festival-2026/">Mehr lesen &rarr;</a></p></span></div><div class="listing-item"><a class="title" href="https://www.elbenwald.de/Festival/2025/09/25/endlich-der-aftermovie-2025/">Endlich: Der Aftermovie 2025!</a> <span class="excerpt">Ukulelespielende Stormtrooper, gymnastikballkickende Sänger und mindestens ein betrunkener Pirat, von dem ihr garantiert schon gehört habt. Dazu jede Menge Seifenblasen, Eis, Pferde (echte und solche&hellip;<p><a class="moretag" href="https://www.elbenwald.de/Festival/2025/09/25/endlich-der-aftermovie-2025/">Mehr lesen &rarr;</a></p></span></div></div>
<p style="text-align: center; margin: 25px 0 50px;"><a class="button" href="https://www.elbenwald.de/Festival/news/" rel="noopener">Alle News anzeigen</a></p>
<hr style="height: 4px; background: #eee; margin: 2em auto; border: 0;" />
<h3 style="text-align: center; margin-bottom: 20px;">Impressionen 2025</h3>
<p style="text-align: center; margin-bottom: 50px;"><a class="button" href="https://www.elbenwald.de/Festival/festival-impressionen-2025/" rel="noopener">Galerie ansehen</a></p>
<div class="video-container" style="text-align: center;"><iframe loading="lazy" src="https://www.youtube.com/embed/Tms6NWQoUzc" width="560" height="315" frameborder="0" allowfullscreen="allowfullscreen" title="Elbenwald Festival 2025: Official Aftermovie"></iframe></div>
<div class="child-pages grid">
<div class="column one-third">
<article class="page-grid-box page type-page status-publish has-post-thumbnail">
<div class="entry-media"><img decoding="async" class="attachment-thefour-grid-thumbnail size-thefour-grid-thumbnail wp-post-image" src="https://www.elbenwald.de/Festival/wp-content/uploads/cache/EWF25_Atmo_GinaWetzler_GW2_9693/3136009577.jpg" alt="Eine Gruppe von Cosplayern in bunten Kostümen sitzt auf kleinen Fahrzeugen beim Elbenwald Festival. Zu sehen sind Charaktere aus Videospielen, darunter Mario, Luigi und Prinzessin Peach, umgeben von festivaltypischer Atmosphäre und anderen Besuchern. Foto: Gina Wetzler" /></div>
</article>
</div>
<div class="column one-third">
<article class="page-grid-box page type-page status-publish has-post-thumbnail">
<div class="entry-media"><img decoding="async" class="attachment-thefour-grid-thumbnail size-thefour-grid-thumbnail wp-post-image" src="https://www.elbenwald.de/Festival/wp-content/uploads/cache/EWF25_ElbenwaldInConcert_RobinSchmiedebachPhoto_20250810-212540/3203240056.jpg" alt="Elbenwald in Concert: Eine Gruppe von vier Frauen posiert lächelnd auf dem Elbenwald Festival, während sie leuchtende Lichtschwerter in der Hand halten. Die Menge im Hintergrund ist mit bunten Lichtern erleuchtet, was die festliche und lebendige Atmosphäre des Events unterstreicht. Foto: Robin Schmiedebach" /></div>
</article>
</div>
<div class="column one-third">
<article class="page-grid-box page type-page status-publish has-post-thumbnail">
<div class="entry-media"><img decoding="async" class="attachment-thefour-grid-thumbnail size-thefour-grid-thumbnail wp-post-image" src="https://www.elbenwald.de/Festival/wp-content/uploads/cache/EWF25_Versengold_Rainer_Keuenhof_R6_14987/1772876018.jpg" alt="Versengold: Bunte Lichter und eine begeisterte Menge beim Elbenwald Festival, wo Musik und Nerd-Kultur aufeinandertreffen. Die Bühne ist mit Effekten beleuchtet, während Künstler auftreten und die Zuschauer mit leuchtenden Stäben feiern. Foto: Rainer Keuenhof" /></div>
</article>
</div>
<div class="column one-third">
<article class="page-grid-box page type-page status-publish has-post-thumbnail">
<div class="entry-media"><img decoding="async" class="attachment-thefour-grid-thumbnail size-thefour-grid-thumbnail wp-post-image" src="https://www.elbenwald.de/Festival/wp-content/uploads/cache/EWF25_StrangerThingsCosplaycontest_RobinSchmiedebachPhoto_20250809-172708/2820006002.jpg" alt="Stranger Things Cosplay Contest: Gruppenselfie von Festivalbesuchern in kreativen Kostümen vor einem beeindruckenden Bühnenhintergrund. Die Teilnehmer posieren mit Requisiten und einer fantasievollen Figur, die von der Popkultur inspiriert ist, und zeigen die lebendige Atmosphäre des Elbenwald Festivals. Foto: Robin Schmiedebach" /></div>
</article>
</div>
<div class="column one-third">
<article class="page-grid-box page type-page status-publish has-post-thumbnail">
<div class="entry-media"><img decoding="async" class="attachment-thefour-grid-thumbnail size-thefour-grid-thumbnail wp-post-image" src="https://www.elbenwald.de/Festival/wp-content/uploads/cache/EWF25_Ukulele_RobinSchmiedebachPhoto_20250809-123046/769779116.jpg" alt="Ukulele Workshop: Musiker und Stormtrooper auf dem Elbenwald Festival: Zwei Stormtrooper sitzen mit Ukulelen auf einer Bühne, während ein Sänger mit Gitarre auftritt. Die entspannte Atmosphäre und die kreative Mischung aus Musik und Nerdkultur ziehen das Publikum an. Foto: Robin Schmiedebach" /></div>
</article>
</div>
<div class="column one-third">
<article class="page-grid-box page type-page status-publish has-post-thumbnail">
<div class="entry-media"><img decoding="async" class="attachment-thefour-grid-thumbnail size-thefour-grid-thumbnail wp-post-image" src="https://www.elbenwald.de/Festival/wp-content/uploads/cache/EWF25_ElbenwaldInConcert_RobinSchmiedebachPhoto_20250810-215827/3006720488.jpg" alt="Elbenwald in Concert: Ein Musiker in Anzug steht im Vordergrund einer Orchestervorstellung beim Elbenwald Festival. Im Hintergrund sind weitere Orchestermitglieder mit Geigen und Notenständern zu sehen, umgeben von bunten Lichtern auf der Bühne. Foto: Robin Schmiedebach" /></div>
</article>
</div>
</div>
<p style="text-align: center; margin: 50px 0;"><a class="button" href="https://www.elbenwald.de/Festival/festival-impressionen-2025/" rel="noopener">Galerie ansehen</a></p>

<p>Elbenwald Festival 2026 Das Elbenwald Festival 2026 findet vom 7. bis 9. August 2026 im Spreeauenpark Cottbus statt. Ob nur für einen Tag oder für&hellip;</p>
<p><a class="moretag" href="https://www.elbenwald.de/Festival/2025/09/25/endlich-der-aftermovie-2025/">Mehr lesen &rarr;</a></p>
