{"id":8696,"date":"2025-06-26T10:26:24","date_gmt":"2025-06-26T08:26:24","guid":{"rendered":"https:\/\/www.elbenwald.de\/Festival\/?page_id=8696"},"modified":"2025-06-26T10:26:24","modified_gmt":"2025-06-26T08:26:24","slug":"barrierefreiheit","status":"publish","type":"page","link":"https:\/\/www.elbenwald.de\/Festival\/barrierefreiheit\/","title":{"rendered":"Erkl\u00e4rung zur Barrierefreiheit"},"content":{"rendered":"<section id=\"einleitung\">\n<p class=\"lead\">\n        Wir m\u00f6chten, dass alle Festival-G\u00e4ste m\u00fchelos durch unsere Festival-Webseite streifen k\u00f6nnen.<br \/>\n        Daher arbeiten wir st\u00e4ndig daran, unsere Seite noch zug\u00e4nglicher zu gestalten.\n    <\/p>\n<\/section>\n<section id=\"umfang\">\n<h2 class=\"mt-5\">Geltungsbereich<\/h2>\n<p>\n        Diese Erkl\u00e4rung zur Barrierefreiheit gilt f\u00fcr unsere Webseite<br \/>\n        <a href=\"https:\/\/www.elbenwald-festival.de\">www.elbenwald-festival.de<\/a> und alle damit verbundenen Unterseiten sowie Services.\n    <\/p>\n<\/section>\n<section id=\"status\">\n<h2>Aktueller Stand der Barrierefreiheit<\/h2>\n<p>\n      Diese Website ist nach unserem aktuellen Stand der Technik und mit zumutbarem Aufwand <b>nicht vollst\u00e4ndig barrierefrei<\/b>.<br \/>\n      Die Umsetzung erfolgt schrittweise auf Basis der Anforderungen der <a href=\"https:\/\/www.gesetze-im-internet.de\/bitv_2_0\/\" rel=\"nofollow\">BITV 2.0<\/a><br \/>\n      sowie der <a href=\"https:\/\/www.w3.org\/TR\/WCAG21\/\" rel=\"nofollow\">WCAG 2.1<\/a> auf Konformit\u00e4tsstufe AA.<br \/>\n        Nachfolgend alle uns aktuell bekannten Abweichungen:\n    <\/p>\n<ul>\n<li><strong>Alternativtexte<\/strong>\n<ul>\n<li>Bilder und grafische Bedienelemente ohne eindeutige oder vollst\u00e4ndige Alt-Texte<\/li>\n<li>Alt- und Title-Attribute mit identischem Inhalt statt erg\u00e4nzender Informationen<\/li>\n<\/ul>\n<\/li>\n<li><strong>ARIA- und ID-Attribute<\/strong>\n<ul>\n<li>Veraltete oder fehlerhafte ARIA-Attribute im Einsatz<\/li>\n<\/ul>\n<\/li>\n<li><strong>Navigation und Einbettungen<\/strong>\n<ul>\n<li>Navigationselemente ohne sprechende Namen oder Rollen<\/li>\n<li><code>iframe<\/code>-Elemente ohne <code>title<\/code>-Attribut<\/li>\n<li>Interaktive Elemente zeigen ihren Zweck und Zustand teilweise nicht an<\/li>\n<\/ul>\n<\/li>\n<li><strong>Tastaturzug\u00e4nglichkeit<\/strong>\n<ul>\n<li>Mangelhafte Bedienbarkeit per Tastatur in Men\u00fcs<\/li>\n<li>Fehlende Fokusindikatoren f\u00fcr Links und Navigationselemente<\/li>\n<\/ul>\n<\/li>\n<li><strong>Text- und Layout-Anpassungen<\/strong>\n<ul>\n<li>Kontrastverh\u00e4ltnisse unter WCAG-Standard (Text: unter 4,5 : 1, gro\u00dfe Schrift: unter 3 : 1)<\/li>\n<li>Einige Texte generell zu klein f\u00fcr guten Lesekomfort<\/li>\n<li>Text-Zoom auf 200 % f\u00fchrt zu abgeschnittenen Inhalten und Layout-Br\u00fcchen<\/li>\n<li>Inkonsistente \u00dcberschriftenhierarchie<\/li>\n<\/ul>\n<\/li>\n<li><strong>Dokumente<\/strong>\n<ul>\n<li>Einige PDF-Downloads sind nicht barrierefrei<\/li>\n<\/ul>\n<\/li>\n<\/ul>\n<\/section>\n<section id=\"verbesserungen\">\n<h2>Geplante Ma\u00dfnahmen<\/h2>\n<p>\n        Folgende Anforderungen werden derzeit umgesetzt:\n    <\/p>\n<ul>\n<li>Erg\u00e4nzung und \u00dcberpr\u00fcfung aller Alt-Texte bei Bildern<\/li>\n<li>Erg\u00e4nzung von ARIA-Rollen und -Landmarks f\u00fcr interaktive Elemente<\/li>\n<li>Optimierung der Tastaturnavigation inklusive Fokus-Indikatoren<\/li>\n<li>Anpassung der Farbkontraste gem\u00e4\u00df WCAG 2.1 Level AA<\/li>\n<li>Schulung des Teams zum Thema barrierefreies Design<\/li>\n<\/ul>\n<\/section>\n<section id=\"kontakt\">\n<h2>Kontaktm\u00f6glichkeiten<\/h2>\n<p>\n        Bei Fragen oder konkreten Hinweisen zur Barrierefreiheit k\u00f6nnt ihr uns jederzeit kontaktieren.<br \/>\n        Nutz gern unser <a href=\"\/infos\/kontakt\/\">Kontaktformular<\/a> oder schreibt uns eine E-Mail an <a href=\"mailto:festival@elbenwald.de\">festival@elbenwald.de <\/a> oder einen Brief per Post an:\n    <\/p>\n<address>\n        Elbenwald Festival GmbH<br \/>\n        Otto-Lilienthal-Stra\u00dfe 1<br \/>\n        27639 Wurster Nordseek\u00fcste<br \/>\n    <\/address>\n<\/section>\n<section id=\"beschwerde\">\n<h2>Beschwerdeverfahren<\/h2>\n<p>\n        Solltet ihr Probleme haben, eine Barrierefreiheitseinschr\u00e4nkung zu melden oder mit unserer Antwort nicht<br \/>\n        zufrieden sein, k\u00f6nnt ihr eine Beschwerde bei der zust\u00e4ndigen Durchsetzungsstelle in Niedersachsen einreichen:\n    <\/p>\n<p>    <b>Post:<\/b><\/p>\n<address>\n        Nieders\u00e4chsisches Ministerium f\u00fcr Soziales, Arbeit, Gesundheit und Gleichstellung (MS)<br \/>\n        Landesbeauftragte f\u00fcr Menschen mit Behinderungen<br \/>\n        Postfach 141<br \/>\n        30001 Hannover<br \/>\n    <\/address>\n<p>\n        <b>E-Mail:<\/b><br \/>\n        schlichtungsstelle@ms.niedersachsen.de\n    <\/p>\n<p>\n        <b>Telefon:<\/b><br \/>\n        +49 (0)511 1204010\n    <\/p>\n<\/section>\n<section id=\"rechtliches\">\n<h2>Rechtsgrundlagen<\/h2>\n<ul>\n<li>Gesetz zur Gleichstellung behinderter Menschen (BGG)<\/li>\n<li>Barrierefreie-Informationsverordnung (BITV 2.0)<\/li>\n<li>Web Content Accessibility Guidelines (WCAG) 2.1 Level AA<\/li>\n<\/ul>\n<\/section>\n<section id=\"testmethoden\">\n<h2>Pr\u00fcfungsmethode und Bewertung<\/h2>\n<p>\n      Die Pr\u00fcfung wurde im Rahmen einer internen Selbsteinsch\u00e4tzung ohne vollst\u00e4ndigen BITV-Test durchgef\u00fchrt.<br \/>\n      Automatisierte Tools erkennen nicht alle Barrieren, insbesondere solche in dynamischen oder interaktiven Bereichen.<br \/>\n      Dabei kamen folgende Tools und Verfahren zum Einsatz:\n    <\/p>\n<ul>\n<li>WAVE Accessibility Evaluation Tool von WebAIM<\/li>\n<li>Google Lighthouse (Audit \u201eAccessibility\u201c)<\/li>\n<li>Free Website Accessibility Checker von Skynet Technologies<\/li>\n<\/ul>\n<p>\n      Erkl\u00e4rung erstellt am: 17.06.2025<br \/>\n      Letzte Aktualisierung: 18.06.2025\n    <\/p>\n<p>\n        Solltest du R\u00fcckfragen zur Testdurchf\u00fchrung haben oder weitere Details w\u00fcnschen, schreib uns gerne an<br \/>\n        <a href=\"mailto:festival@elbenwald.de\">festival@elbenwald.de<\/a>.\n    <\/p>\n<\/section>\n","protected":false},"excerpt":{"rendered":"<p>Wir m\u00f6chten, dass alle Festival-G\u00e4ste m\u00fchelos durch unsere Festival-Webseite streifen k\u00f6nnen. Daher arbeiten wir st\u00e4ndig daran, unsere Seite noch zug\u00e4nglicher zu gestalten. Geltungsbereich Diese Erkl\u00e4rung&hellip;<\/p>\n<p><a class=\"moretag\" href=\"https:\/\/www.elbenwald.de\/Festival\/barrierefreiheit\/\">Mehr lesen &rarr;<\/a><\/p>\n","protected":false},"author":2,"featured_media":0,"parent":0,"menu_order":0,"comment_status":"closed","ping_status":"closed","template":"templates\/grid-page.php","meta":{"inline_featured_image":false,"footnotes":""},"class_list":["post-8696","page","type-page","status-publish","hentry"],"aioseo_notices":[],"_links":{"self":[{"href":"https:\/\/www.elbenwald.de\/Festival\/wp-json\/wp\/v2\/pages\/8696","targetHints":{"allow":["GET"]}}],"collection":[{"href":"https:\/\/www.elbenwald.de\/Festival\/wp-json\/wp\/v2\/pages"}],"about":[{"href":"https:\/\/www.elbenwald.de\/Festival\/wp-json\/wp\/v2\/types\/page"}],"author":[{"embeddable":true,"href":"https:\/\/www.elbenwald.de\/Festival\/wp-json\/wp\/v2\/users\/2"}],"replies":[{"embeddable":true,"href":"https:\/\/www.elbenwald.de\/Festival\/wp-json\/wp\/v2\/comments?post=8696"}],"version-history":[{"count":2,"href":"https:\/\/www.elbenwald.de\/Festival\/wp-json\/wp\/v2\/pages\/8696\/revisions"}],"predecessor-version":[{"id":8698,"href":"https:\/\/www.elbenwald.de\/Festival\/wp-json\/wp\/v2\/pages\/8696\/revisions\/8698"}],"wp:attachment":[{"href":"https:\/\/www.elbenwald.de\/Festival\/wp-json\/wp\/v2\/media?parent=8696"}],"curies":[{"name":"wp","href":"https:\/\/api.w.org\/{rel}","templated":true}]}}

Erklärung zur Barrierefreiheit

<section id="einleitung">
<p class="lead">
        Wir möchten, dass alle Festival-Gäste mühelos durch unsere Festival-Webseite streifen können.<br />
        Daher arbeiten wir ständig daran, unsere Seite noch zugänglicher zu gestalten.
    </p>
</section>
<section id="umfang">
<h2 class="mt-5">Geltungsbereich</h2>
<p>
        Diese Erklärung zur Barrierefreiheit gilt für unsere Webseite<br />
        <a href="https://www.elbenwald-festival.de">www.elbenwald-festival.de</a> und alle damit verbundenen Unterseiten sowie Services.
    </p>
</section>
<section id="status">
<h2>Aktueller Stand der Barrierefreiheit</h2>
<p>
      Diese Website ist nach unserem aktuellen Stand der Technik und mit zumutbarem Aufwand <b>nicht vollständig barrierefrei</b>.<br />
      Die Umsetzung erfolgt schrittweise auf Basis der Anforderungen der <a href="https://www.gesetze-im-internet.de/bitv_2_0/" rel="nofollow">BITV 2.0</a><br />
      sowie der <a href="https://www.w3.org/TR/WCAG21/" rel="nofollow">WCAG 2.1</a> auf Konformitätsstufe AA.<br />
        Nachfolgend alle uns aktuell bekannten Abweichungen:
    </p>
<ul>
<li><strong>Alternativtexte</strong>
<ul>
<li>Bilder und grafische Bedienelemente ohne eindeutige oder vollständige Alt-Texte</li>
<li>Alt- und Title-Attribute mit identischem Inhalt statt ergänzender Informationen</li>
</ul>
</li>
<li><strong>ARIA- und ID-Attribute</strong>
<ul>
<li>Veraltete oder fehlerhafte ARIA-Attribute im Einsatz</li>
</ul>
</li>
<li><strong>Navigation und Einbettungen</strong>
<ul>
<li>Navigationselemente ohne sprechende Namen oder Rollen</li>
<li><code>iframe</code>-Elemente ohne <code>title</code>-Attribut</li>
<li>Interaktive Elemente zeigen ihren Zweck und Zustand teilweise nicht an</li>
</ul>
</li>
<li><strong>Tastaturzugänglichkeit</strong>
<ul>
<li>Mangelhafte Bedienbarkeit per Tastatur in Menüs</li>
<li>Fehlende Fokusindikatoren für Links und Navigationselemente</li>
</ul>
</li>
<li><strong>Text- und Layout-Anpassungen</strong>
<ul>
<li>Kontrastverhältnisse unter WCAG-Standard (Text: unter 4,5 : 1, große Schrift: unter 3 : 1)</li>
<li>Einige Texte generell zu klein für guten Lesekomfort</li>
<li>Text-Zoom auf 200 % führt zu abgeschnittenen Inhalten und Layout-Brüchen</li>
<li>Inkonsistente Überschriftenhierarchie</li>
</ul>
</li>
<li><strong>Dokumente</strong>
<ul>
<li>Einige PDF-Downloads sind nicht barrierefrei</li>
</ul>
</li>
</ul>
</section>
<section id="verbesserungen">
<h2>Geplante Maßnahmen</h2>
<p>
        Folgende Anforderungen werden derzeit umgesetzt:
    </p>
<ul>
<li>Ergänzung und Überprüfung aller Alt-Texte bei Bildern</li>
<li>Ergänzung von ARIA-Rollen und -Landmarks für interaktive Elemente</li>
<li>Optimierung der Tastaturnavigation inklusive Fokus-Indikatoren</li>
<li>Anpassung der Farbkontraste gemäß WCAG 2.1 Level AA</li>
<li>Schulung des Teams zum Thema barrierefreies Design</li>
</ul>
</section>
<section id="kontakt">
<h2>Kontaktmöglichkeiten</h2>
<p>
        Bei Fragen oder konkreten Hinweisen zur Barrierefreiheit könnt ihr uns jederzeit kontaktieren.<br />
        Nutz gern unser <a href="/infos/kontakt/">Kontaktformular</a> oder schreibt uns eine E-Mail an <a href="mailto:festival@elbenwald.de">festival@elbenwald.de </a> oder einen Brief per Post an:
    </p>
<address>
        Elbenwald Festival GmbH<br />
        Otto-Lilienthal-Straße 1<br />
        27639 Wurster Nordseeküste<br />
    </address>
</section>
<section id="beschwerde">
<h2>Beschwerdeverfahren</h2>
<p>
        Solltet ihr Probleme haben, eine Barrierefreiheitseinschränkung zu melden oder mit unserer Antwort nicht<br />
        zufrieden sein, könnt ihr eine Beschwerde bei der zuständigen Durchsetzungsstelle in Niedersachsen einreichen:
    </p>
<p>    <b>Post:</b></p>
<address>
        Niedersächsisches Ministerium für Soziales, Arbeit, Gesundheit und Gleichstellung (MS)<br />
        Landesbeauftragte für Menschen mit Behinderungen<br />
        Postfach 141<br />
        30001 Hannover<br />
    </address>
<p>
        <b>E-Mail:</b><br />
        schlichtungsstelle@ms.niedersachsen.de
    </p>
<p>
        <b>Telefon:</b><br />
        +49 (0)511 1204010
    </p>
</section>
<section id="rechtliches">
<h2>Rechtsgrundlagen</h2>
<ul>
<li>Gesetz zur Gleichstellung behinderter Menschen (BGG)</li>
<li>Barrierefreie-Informationsverordnung (BITV 2.0)</li>
<li>Web Content Accessibility Guidelines (WCAG) 2.1 Level AA</li>
</ul>
</section>
<section id="testmethoden">
<h2>Prüfungsmethode und Bewertung</h2>
<p>
      Die Prüfung wurde im Rahmen einer internen Selbsteinschätzung ohne vollständigen BITV-Test durchgeführt.<br />
      Automatisierte Tools erkennen nicht alle Barrieren, insbesondere solche in dynamischen oder interaktiven Bereichen.<br />
      Dabei kamen folgende Tools und Verfahren zum Einsatz:
    </p>
<ul>
<li>WAVE Accessibility Evaluation Tool von WebAIM</li>
<li>Google Lighthouse (Audit „Accessibility“)</li>
<li>Free Website Accessibility Checker von Skynet Technologies</li>
</ul>
<p>
      Erklärung erstellt am: 17.06.2025<br />
      Letzte Aktualisierung: 18.06.2025
    </p>
<p>
        Solltest du Rückfragen zur Testdurchführung haben oder weitere Details wünschen, schreib uns gerne an<br />
        <a href="mailto:festival@elbenwald.de">festival@elbenwald.de</a>.
    </p>
</section>

<p>Wir möchten, dass alle Festival-Gäste mühelos durch unsere Festival-Webseite streifen können. Daher arbeiten wir ständig daran, unsere Seite noch zugänglicher zu gestalten. Geltungsbereich Diese Erklärung&hellip;</p>
<p><a class="moretag" href="https://www.elbenwald.de/Festival/barrierefreiheit/">Mehr lesen &rarr;</a></p>
