{"id":6595,"date":"2025-12-12T16:03:26","date_gmt":"2025-12-12T15:03:26","guid":{"rendered":"https:\/\/www.elbenwald.de\/Festival\/?page_id=6595"},"modified":"2025-12-12T16:03:26","modified_gmt":"2025-12-12T15:03:26","slug":"gamesroom-by-nerdistan","status":"publish","type":"page","link":"https:\/\/www.elbenwald.de\/Festival\/line-up\/gamesroom-by-nerdistan\/","title":{"rendered":"Gamesroom by Nerdistan"},"content":{"rendered":"<h2>Gamesroom by Nerdistan<\/h2>\n<figure id=\"attachment_10001\" aria-describedby=\"caption-attachment-10001\" style=\"width: 500px\" class=\"wp-caption alignright\"><img loading=\"lazy\" decoding=\"async\" class=\"wp-image-10001\" title=\"Gamesroom by Nerdistan, Foto: Robin Schmiedebach\" src=\"https:\/\/www.elbenwald.de\/Festival\/wp-content\/uploads\/gamesroom_768x768px-300x300.jpg\" alt=\"Ein Besucher sitzt auf einem Sofa im Nerdistan-Bereich des Elbenwald Festivals, umgeben von Retro-Fernsehern, Spielzeugfiguren und einem bunten Skateboard. Die entspannte Atmosph\u00e4re l\u00e4dt zum Spielen und Verweilen ein, w\u00e4hrend ein neonfarbener Schriftzug den Raum beleuchtet.\" width=\"500\" height=\"500\" srcset=\"https:\/\/www.elbenwald.de\/Festival\/wp-content\/uploads\/gamesroom_768x768px-300x300.jpg 300w, https:\/\/www.elbenwald.de\/Festival\/wp-content\/uploads\/gamesroom_768x768px-150x150.jpg 150w, https:\/\/www.elbenwald.de\/Festival\/wp-content\/uploads\/gamesroom_768x768px.jpg 768w\" sizes=\"auto, (max-width: 500px) 100vw, 500px\" \/><figcaption id=\"caption-attachment-10001\" class=\"wp-caption-text\">Gamesroom by Nerdistan, Foto: Robin Schmiedebach<\/figcaption><\/figure>\n<p>In unserer Kindheit starrten wir noch auf riesige R\u00f6hrenfernseher, deren eigentliches Bild trotz der Gr\u00f6\u00dfe des Kastens nachgerade winzig war. Und unscharf. Wir zockten unterwegs auf monochromen Bildschirmen ohne Hintergrundbeleuchtung und kauften sogar die bescheuerte Lupe inklusive Licht, um die daumennagelgro\u00dfen Pixel besser identifizieren zu k\u00f6nnen. Und heute? Ist Gaming gr\u00f6\u00dfer als Hollywood oder die Musikbranche, f\u00fcllt ganze Stadien und ist so bunt wie die Farben einer Gaming-Tastatur!<\/p>\n<p>Wie aber bringen wir ein so riesiges wie vielf\u00e4ltiges Thema wie Gaming aufs <strong>Elbenwald Festival<\/strong>? Ganz einfach: Mit dem Team von <strong>Nerdistan<\/strong>! In den vergangenen Jahren haben die Gaming-Experten unsere gesamte Kindheit in Form von Arcade-Automaten, Retro-Konsolen und den eingangs erw\u00e4hnten R\u00f6hrenfernsehern aufgebaut, aber auch alles, was heute gezockt wird \u2013 inklusive PlayStation 5 mit VR! Sogar eine Mini-LAN-Party ganz ohne Big Tower- oder 19-Zoll-R\u00f6hren-Schlepperei war schon im Angebot. Lass dich \u00fcberraschen, was sie 2026 alles am Start haben!<\/p>\n<h3>\u00dcber Nerdistan<\/h3>\n<p>Nerdistan beschreibt sich selbst als eine Gruppe spiels\u00fcchtiger Vollzeitchaoten, die ihre Gaming-Erfahrung mit allen teilen. Die nerdigen Enthusiasten kreieren Erlebnisse auf Messen, Konzerten, Partys und Festivals, die von kultiger Nostalgie bis zeitgen\u00f6ssischem Triple A alles abdecken.<\/p>\n<p><em>&#8222;Geht das auch konkreter?&#8220;<\/em><\/p>\n<p>Klar. Nerdistan veranstaltet zum Beispiel das monatliche <strong>Arcade Bash<\/strong> mit DJs, Quiz-Veranstaltungen und, klar, Retrospielen inklusive Turnieren. F\u00fcr Mattel haben sie auf der ComicCon einen krassen <strong>Master of the Universe<\/strong>-Stand mit jeder Menge He-Man-Figuren, Kinderzimmer-Atmosph\u00e4re, Skeletor-Cosplay und klassischem Greifautomaten aufgebaut. Festivalerfahrung haben sie auch, immerhin war die Gaming Area auf dem <strong>splash! Festival<\/strong>\u00a0von ihnen.<\/p>\n<p><a class=\"button\" href=\"https:\/\/festival.elbenwald.de\/\" rel=\"noopener\">Jetzt Ticket sichern<\/a><\/p>\n<p><a class=\"button-minimal\" href=\"https:\/\/www.elbenwald.de\/Festival\/line-up\/\" rel=\"noopener\">Zum Line-Up<\/a><\/p>\n\t\t\t<style>\r\n                #foogallery-gallery-9950.fg-masonry .fg-item {\r\n                    width: 300px;\r\n                    margin-right: 15px;\r\n                    margin-bottom: 15px;\r\n                }\r\n\t\t\t<\/style>\r\n\t\t\t<div class=\"foogallery foogallery-container foogallery-masonry foogallery-lightbox-foobox fg-masonry fg-light fg-loading-default fg-loaded-fade-in fg-caption-hover fg-hover-fade fg-hover-zoom fg-ready fg-fixed\" id=\"foogallery-gallery-9950\" data-foogallery=\"{&quot;item&quot;:{&quot;showCaptionTitle&quot;:true,&quot;showCaptionDescription&quot;:true},&quot;lazy&quot;:true,&quot;template&quot;:{&quot;columnWidth&quot;:300,&quot;gutter&quot;:15}}\" >\r\n\t\t<div class=\"fg-item fg-type-image fg-idle\"><figure class=\"fg-item-inner\"><a href=\"https:\/\/www.elbenwald.de\/Festival\/wp-content\/uploads\/EWF25_Nerdistan_GinaWetzler_GW2_0368.jpg\" data-caption-title=\"Gamesroom by Nerdistan\" data-caption-desc=\"Bild: Gina Wetzler\" data-attachment-id=\"9609\" data-type=\"image\" class=\"fg-thumb\"><span class=\"fg-image-wrap\"><img fetchpriority=\"high\" decoding=\"async\" alt=\"Ein Teilnehmer am Elbenwald Festival sitzt an einem Computer, umgeben von bunten Dekorationen wie einer Dragon Ball- und Pac-Man-Figur. Die Atmosph\u00e4re kombiniert Gaming und kreative Kultur, w\u00e4hrend er konzentriert an seinem Spiel arbeitet.\" title=\"Gamesroom by Nerdistan\" width=\"300\" height=\"200\" class=\"skip-lazy fg-image\" data-src-fg=\"https:\/\/www.elbenwald.de\/Festival\/wp-content\/uploads\/cache\/EWF25_Nerdistan_GinaWetzler_GW2_0368\/3293057047.jpg\" src=\"data:image\/svg+xml,%3Csvg%20xmlns%3D%22http%3A%2F%2Fwww.w3.org%2F2000%2Fsvg%22%20width%3D%22300%22%20height%3D%22200%22%20viewBox%3D%220%200%20300%20200%22%3E%3C%2Fsvg%3E\" loading=\"eager\"><\/span><span class=\"fg-image-overlay\"><\/span><\/a><figcaption class=\"fg-caption\"><div class=\"fg-caption-inner\"><div class=\"fg-caption-title\">Gamesroom by Nerdistan<\/div><div class=\"fg-caption-desc\">Bild: Gina Wetzler<\/div><\/div><\/figcaption><\/figure><div class=\"fg-loader\"><\/div><\/div><div class=\"fg-item fg-type-image fg-idle\"><figure class=\"fg-item-inner\"><a href=\"https:\/\/www.elbenwald.de\/Festival\/wp-content\/uploads\/EWF25_Nerdistan_GinaWetzler_GW2_0366.jpg\" data-caption-title=\"Gamesroom by Nerdistan\" data-caption-desc=\"Bild: Gina Wetzler\" data-attachment-id=\"9608\" data-type=\"image\" class=\"fg-thumb\"><span class=\"fg-image-wrap\"><img decoding=\"async\" alt=\"Eine junge Frau spielt Videospiele auf einem Sofa beim Elbenwald Festival. Im Hintergrund sind ein Fernseher und ein auff\u00e4lliges, braunes Maskottchen zu sehen. Die Atmosph\u00e4re ist entspannt und kreativ, ideal f\u00fcr Nerds und Fans.\" title=\"Gamesroom by Nerdistan\" width=\"300\" height=\"200\" class=\"skip-lazy fg-image\" data-src-fg=\"https:\/\/www.elbenwald.de\/Festival\/wp-content\/uploads\/cache\/EWF25_Nerdistan_GinaWetzler_GW2_0366\/107817629.jpg\" src=\"data:image\/svg+xml,%3Csvg%20xmlns%3D%22http%3A%2F%2Fwww.w3.org%2F2000%2Fsvg%22%20width%3D%22300%22%20height%3D%22200%22%20viewBox%3D%220%200%20300%20200%22%3E%3C%2Fsvg%3E\" loading=\"eager\"><\/span><span class=\"fg-image-overlay\"><\/span><\/a><figcaption class=\"fg-caption\"><div class=\"fg-caption-inner\"><div class=\"fg-caption-title\">Gamesroom by Nerdistan<\/div><div class=\"fg-caption-desc\">Bild: Gina Wetzler<\/div><\/div><\/figcaption><\/figure><div class=\"fg-loader\"><\/div><\/div><div class=\"fg-item fg-type-image fg-idle\"><figure class=\"fg-item-inner\"><a href=\"https:\/\/www.elbenwald.de\/Festival\/wp-content\/uploads\/EWF25_Gamesroom_Rainer_Keuenhof_H80A4806.jpg\" data-caption-title=\"Gamesroom by Nerdistan\" data-caption-desc=\"Foto: Rainer Keuenhof\" data-attachment-id=\"9581\" data-type=\"image\" class=\"fg-thumb\"><span class=\"fg-image-wrap\"><img decoding=\"async\" alt=\"Bunte Szenerie im Nerdistan-Bereich des Elbenwald Festivals, mit neonfarbener Beleuchtung, Retro-Gaming-Elementen und kreativen Kost\u00fcmen. Besucher genie\u00dfen die entspannte Atmosph\u00e4re und die vielf\u00e4ltigen Aktivit\u00e4ten in einem nerdigen Ambiente.\" title=\"Gamesroom by Nerdistan\" width=\"300\" height=\"200\" class=\"skip-lazy fg-image\" data-src-fg=\"https:\/\/www.elbenwald.de\/Festival\/wp-content\/uploads\/cache\/EWF25_Gamesroom_Rainer_Keuenhof_H80A4806\/529522061.jpg\" src=\"data:image\/svg+xml,%3Csvg%20xmlns%3D%22http%3A%2F%2Fwww.w3.org%2F2000%2Fsvg%22%20width%3D%22300%22%20height%3D%22200%22%20viewBox%3D%220%200%20300%20200%22%3E%3C%2Fsvg%3E\" loading=\"eager\"><\/span><span class=\"fg-image-overlay\"><\/span><\/a><figcaption class=\"fg-caption\"><div class=\"fg-caption-inner\"><div class=\"fg-caption-title\">Gamesroom by Nerdistan<\/div><div class=\"fg-caption-desc\">Foto: Rainer Keuenhof<\/div><\/div><\/figcaption><\/figure><div class=\"fg-loader\"><\/div><\/div><div class=\"fg-item fg-type-image fg-idle\"><figure class=\"fg-item-inner\"><a href=\"https:\/\/www.elbenwald.de\/Festival\/wp-content\/uploads\/EWF25_Nerdistan_GinaWetzler_GW2_9797.jpg\" data-caption-title=\"Gamesroom by Nerdistan\" data-caption-desc=\"Foto: Gina Wetzler\" data-attachment-id=\"9423\" data-type=\"image\" class=\"fg-thumb\"><span class=\"fg-image-wrap\"><img decoding=\"async\" alt=\"Zwei Besucher des Elbenwald Festivals sitzen vor einem Retro-Fernseher, auf dem ein Videospiel l\u00e4uft. Der Raum ist mit einer Thrasher-Flagge, Spielzeugfiguren und einem Skateboard dekoriert, was die nerdige Atmosph\u00e4re des Festivals unterstreicht.\" title=\"Gamesroom by Nerdistan\" width=\"300\" height=\"200\" class=\"skip-lazy fg-image\" data-src-fg=\"https:\/\/www.elbenwald.de\/Festival\/wp-content\/uploads\/cache\/EWF25_Nerdistan_GinaWetzler_GW2_9797\/2909587078.jpg\" src=\"data:image\/svg+xml,%3Csvg%20xmlns%3D%22http%3A%2F%2Fwww.w3.org%2F2000%2Fsvg%22%20width%3D%22300%22%20height%3D%22200%22%20viewBox%3D%220%200%20300%20200%22%3E%3C%2Fsvg%3E\" loading=\"eager\"><\/span><span class=\"fg-image-overlay\"><\/span><\/a><figcaption class=\"fg-caption\"><div class=\"fg-caption-inner\"><div class=\"fg-caption-title\">Gamesroom by Nerdistan<\/div><div class=\"fg-caption-desc\">Foto: Gina Wetzler<\/div><\/div><\/figcaption><\/figure><div class=\"fg-loader\"><\/div><\/div><div class=\"fg-item fg-type-image fg-idle\"><figure class=\"fg-item-inner\"><a href=\"https:\/\/www.elbenwald.de\/Festival\/wp-content\/uploads\/EWF25_Nerdistan_GinaWetzler_GW2_9796.jpg\" data-caption-title=\"Gamesroom by Nerdistan\" data-caption-desc=\"Foto: Gina Wetzler\" data-attachment-id=\"9422\" data-type=\"image\" class=\"fg-thumb\"><span class=\"fg-image-wrap\"><img decoding=\"async\" alt=\"Ein Besucher spielt Videospiele auf einer Konsole in einer gem\u00fctlichen Lounge-Ecke des Elbenwald Festivals. Im Hintergrund sind Figuren und Merchandise aus der Nerdkultur zu sehen, die die entspannte Atmosph\u00e4re der Veranstaltung unterstreichen.\" title=\"Gamesroom by Nerdistan\" width=\"300\" height=\"200\" class=\"skip-lazy fg-image\" data-src-fg=\"https:\/\/www.elbenwald.de\/Festival\/wp-content\/uploads\/cache\/EWF25_Nerdistan_GinaWetzler_GW2_9796\/3060395680.jpg\" src=\"data:image\/svg+xml,%3Csvg%20xmlns%3D%22http%3A%2F%2Fwww.w3.org%2F2000%2Fsvg%22%20width%3D%22300%22%20height%3D%22200%22%20viewBox%3D%220%200%20300%20200%22%3E%3C%2Fsvg%3E\" loading=\"eager\"><\/span><span class=\"fg-image-overlay\"><\/span><\/a><figcaption class=\"fg-caption\"><div class=\"fg-caption-inner\"><div class=\"fg-caption-title\">Gamesroom by Nerdistan<\/div><div class=\"fg-caption-desc\">Foto: Gina Wetzler<\/div><\/div><\/figcaption><\/figure><div class=\"fg-loader\"><\/div><\/div><div class=\"fg-item fg-type-image fg-idle\"><figure class=\"fg-item-inner\"><a href=\"https:\/\/www.elbenwald.de\/Festival\/wp-content\/uploads\/EWF25_Nerdistan_GinaWetzler_GW2_9789.jpg\" data-caption-title=\"Gamesroom by Nerdistan\" data-caption-desc=\"Foto: Gina Wetzler\" data-attachment-id=\"9421\" data-type=\"image\" class=\"fg-thumb\"><span class=\"fg-image-wrap\"><img decoding=\"async\" alt=\"Ein Teilnehmer des Elbenwald Festivals sitzt an einem Gaming-PC, spielt ein Videospiel auf einem gro\u00dfen Monitor und tr\u00e4gt ein Headset. Im Hintergrund sind weitere Computer und Gaming-Ausr\u00fcstung sichtbar, die die nerdige Atmosph\u00e4re des Festivals unterstreichen.\" title=\"Gamesroom by Nerdistan\" width=\"300\" height=\"200\" class=\"skip-lazy fg-image\" data-src-fg=\"https:\/\/www.elbenwald.de\/Festival\/wp-content\/uploads\/cache\/EWF25_Nerdistan_GinaWetzler_GW2_9789\/3685914566.jpg\" src=\"data:image\/svg+xml,%3Csvg%20xmlns%3D%22http%3A%2F%2Fwww.w3.org%2F2000%2Fsvg%22%20width%3D%22300%22%20height%3D%22200%22%20viewBox%3D%220%200%20300%20200%22%3E%3C%2Fsvg%3E\" loading=\"eager\"><\/span><span class=\"fg-image-overlay\"><\/span><\/a><figcaption class=\"fg-caption\"><div class=\"fg-caption-inner\"><div class=\"fg-caption-title\">Gamesroom by Nerdistan<\/div><div class=\"fg-caption-desc\">Foto: Gina Wetzler<\/div><\/div><\/figcaption><\/figure><div class=\"fg-loader\"><\/div><\/div><\/div>\n","protected":false},"excerpt":{"rendered":"<p>Arcade-Automaten + Retro-Konsolen samt R\u00f6hrenfernseher + Kinderzimmer-Atmosph\u00e4re + PlayStation 5 VR + Mario Kart-Turniere + etliches mehr = Nerdistan!<\/p>\n","protected":false},"author":4,"featured_media":10000,"parent":30,"menu_order":1100,"comment_status":"closed","ping_status":"closed","template":"templates\/grid-page.php","meta":{"inline_featured_image":false,"footnotes":""},"class_list":["post-6595","page","type-page","status-publish","has-post-thumbnail","hentry"],"aioseo_notices":[],"_links":{"self":[{"href":"https:\/\/www.elbenwald.de\/Festival\/wp-json\/wp\/v2\/pages\/6595","targetHints":{"allow":["GET"]}}],"collection":[{"href":"https:\/\/www.elbenwald.de\/Festival\/wp-json\/wp\/v2\/pages"}],"about":[{"href":"https:\/\/www.elbenwald.de\/Festival\/wp-json\/wp\/v2\/types\/page"}],"author":[{"embeddable":true,"href":"https:\/\/www.elbenwald.de\/Festival\/wp-json\/wp\/v2\/users\/4"}],"replies":[{"embeddable":true,"href":"https:\/\/www.elbenwald.de\/Festival\/wp-json\/wp\/v2\/comments?post=6595"}],"version-history":[{"count":10,"href":"https:\/\/www.elbenwald.de\/Festival\/wp-json\/wp\/v2\/pages\/6595\/revisions"}],"predecessor-version":[{"id":10043,"href":"https:\/\/www.elbenwald.de\/Festival\/wp-json\/wp\/v2\/pages\/6595\/revisions\/10043"}],"up":[{"embeddable":true,"href":"https:\/\/www.elbenwald.de\/Festival\/wp-json\/wp\/v2\/pages\/30"}],"wp:featuredmedia":[{"embeddable":true,"href":"https:\/\/www.elbenwald.de\/Festival\/wp-json\/wp\/v2\/media\/10000"}],"wp:attachment":[{"href":"https:\/\/www.elbenwald.de\/Festival\/wp-json\/wp\/v2\/media?parent=6595"}],"curies":[{"name":"wp","href":"https:\/\/api.w.org\/{rel}","templated":true}]}}