{"id":6173,"date":"2022-08-22T15:38:54","date_gmt":"2022-08-22T13:38:54","guid":{"rendered":"https:\/\/www.elbenwald.de\/Festival\/?page_id=6173"},"modified":"2022-08-22T15:38:54","modified_gmt":"2022-08-22T13:38:54","slug":"interview-mit-stefan-servos","status":"publish","type":"page","link":"https:\/\/www.elbenwald.de\/Festival\/videos\/interview-mit-stefan-servos\/","title":{"rendered":"Interview mit Stefan Servos"},"content":{"rendered":"<h2>Interview mit Stefan Servos<\/h2>\n<p>Wir konnten auf dem <strong>Elbenwald Festival<\/strong> 2022 <strong>Der Herr der Ringe<\/strong>-Experte, Mittelerde-Koryph\u00e4e, <strong>Peter Jackson<\/strong>-Interviewer, Ardapedia-Gr\u00fcnder und Dreharbeiten in Neuseeland-Besucher <strong>Stefan Servos<\/strong> interviewen und wurden dabei nur ein einziges Mal von der Parkbahn unterbrochen. Keine Ahnung, warum wir das hier erw\u00e4hnen \u2026<\/p>\n<p>Im Interview haben wir \u00fcber alle Sorten Sachen gequatscht, beispielsweise sein neues Buch <strong>Unn\u00fctzes Wissen f\u00fcr Tolkien-Fans<\/strong>, was Zwerge und Kaffee verbindet, die Serie <strong>The Rings of Power<\/strong>, Fan-Reaktionen beziehungsweise den Einfluss von Fan-Meinungen auf Produktionen, Alterssanftmut und ob es \u00fcberhaupt m\u00f6glich ist, den Erfolg der Filmtrilogie von Peter Jackson zu wiederholen (Spoiler: nein).<\/p>\n<div class=\"video-container\"><iframe loading=\"lazy\" src=\"https:\/\/www.youtube.com\/embed\/TwURzbvFjfo\" width=\"560\" height=\"315\" frameborder=\"0\" allowfullscreen=\"allowfullscreen\"><\/iframe><\/div>\n","protected":false},"excerpt":{"rendered":"<p>Die Ringe der Macht, unn\u00fctzes Wissen und der Einfluss von Fans auf Produktionen sind nur ein paar der Themen, \u00fcber die wir mit Stefan besprechen.<\/p>\n","protected":false},"author":4,"featured_media":3851,"parent":5895,"menu_order":500,"comment_status":"closed","ping_status":"closed","template":"templates\/grid-page.php","meta":{"inline_featured_image":false,"footnotes":""},"class_list":["post-6173","page","type-page","status-publish","has-post-thumbnail","hentry"],"aioseo_notices":[],"_links":{"self":[{"href":"https:\/\/www.elbenwald.de\/Festival\/wp-json\/wp\/v2\/pages\/6173","targetHints":{"allow":["GET"]}}],"collection":[{"href":"https:\/\/www.elbenwald.de\/Festival\/wp-json\/wp\/v2\/pages"}],"about":[{"href":"https:\/\/www.elbenwald.de\/Festival\/wp-json\/wp\/v2\/types\/page"}],"author":[{"embeddable":true,"href":"https:\/\/www.elbenwald.de\/Festival\/wp-json\/wp\/v2\/users\/4"}],"replies":[{"embeddable":true,"href":"https:\/\/www.elbenwald.de\/Festival\/wp-json\/wp\/v2\/comments?post=6173"}],"version-history":[{"count":1,"href":"https:\/\/www.elbenwald.de\/Festival\/wp-json\/wp\/v2\/pages\/6173\/revisions"}],"predecessor-version":[{"id":6174,"href":"https:\/\/www.elbenwald.de\/Festival\/wp-json\/wp\/v2\/pages\/6173\/revisions\/6174"}],"up":[{"embeddable":true,"href":"https:\/\/www.elbenwald.de\/Festival\/wp-json\/wp\/v2\/pages\/5895"}],"wp:featuredmedia":[{"embeddable":true,"href":"https:\/\/www.elbenwald.de\/Festival\/wp-json\/wp\/v2\/media\/3851"}],"wp:attachment":[{"href":"https:\/\/www.elbenwald.de\/Festival\/wp-json\/wp\/v2\/media?parent=6173"}],"curies":[{"name":"wp","href":"https:\/\/api.w.org\/{rel}","templated":true}]}}

<h2>Interview mit Stefan Servos</h2>
<p>Wir konnten auf dem <strong>Elbenwald Festival</strong> 2022 <strong>Der Herr der Ringe</strong>-Experte, Mittelerde-Koryphäe, <strong>Peter Jackson</strong>-Interviewer, Ardapedia-Gründer und Dreharbeiten in Neuseeland-Besucher <strong>Stefan Servos</strong> interviewen und wurden dabei nur ein einziges Mal von der Parkbahn unterbrochen. Keine Ahnung, warum wir das hier erwähnen …</p>
<p>Im Interview haben wir über alle Sorten Sachen gequatscht, beispielsweise sein neues Buch <strong>Unnützes Wissen für Tolkien-Fans</strong>, was Zwerge und Kaffee verbindet, die Serie <strong>The Rings of Power</strong>, Fan-Reaktionen beziehungsweise den Einfluss von Fan-Meinungen auf Produktionen, Alterssanftmut und ob es überhaupt möglich ist, den Erfolg der Filmtrilogie von Peter Jackson zu wiederholen (Spoiler: nein).</p>
<div class="video-container"><iframe loading="lazy" src="https://www.youtube.com/embed/TwURzbvFjfo" width="560" height="315" frameborder="0" allowfullscreen="allowfullscreen"></iframe></div>

<p>Die Ringe der Macht, unnützes Wissen und der Einfluss von Fans auf Produktionen sind nur ein paar der Themen, über die wir mit Stefan besprechen.</p>
