{"id":4972,"date":"2025-12-12T16:03:26","date_gmt":"2025-12-12T15:03:26","guid":{"rendered":"https:\/\/www.elbenwald.de\/Festival\/?page_id=4972"},"modified":"2025-12-12T16:03:26","modified_gmt":"2025-12-12T15:03:26","slug":"artist-alley","status":"publish","type":"page","link":"https:\/\/www.elbenwald.de\/Festival\/line-up\/artist-alley\/","title":{"rendered":"Artist Alley"},"content":{"rendered":"<h2>Artist Alley<\/h2>\n<figure id=\"attachment_10011\" aria-describedby=\"caption-attachment-10011\" style=\"width: 500px\" class=\"wp-caption alignright\"><img loading=\"lazy\" decoding=\"async\" class=\"wp-image-10011\" title=\"Artist Alley, Foto: Rainer Keuenhof\" src=\"https:\/\/www.elbenwald.de\/Festival\/wp-content\/uploads\/artist-alley_768x768px-300x300.jpg\" alt=\"Besucherinnen und Besucher des Elbenwald Festivals erkunden einen Stand mit Kunstwerken und Merchandise. Im Vordergrund betrachtet eine junge Frau ein Plakat, w\u00e4hrend andere Interessierte in der Warteschlange stehen, um einzukaufen.\" width=\"500\" height=\"500\" srcset=\"https:\/\/www.elbenwald.de\/Festival\/wp-content\/uploads\/artist-alley_768x768px-300x300.jpg 300w, https:\/\/www.elbenwald.de\/Festival\/wp-content\/uploads\/artist-alley_768x768px-150x150.jpg 150w, https:\/\/www.elbenwald.de\/Festival\/wp-content\/uploads\/artist-alley_768x768px.jpg 768w\" sizes=\"auto, (max-width: 500px) 100vw, 500px\" \/><figcaption id=\"caption-attachment-10011\" class=\"wp-caption-text\">Artist Alley, Foto: Rainer Keuenhof<\/figcaption><\/figure>\n<p>Musik, Workshops, Lesungen, Cosplays und Merch findest du schon geil, du h\u00e4ttest aber gern noch ein bisschen mehr? Zum Beispiel die M\u00f6glichkeit, Artworks, B\u00fccher, Comics, Poster, Buttons, Shirts, Schmuck und haste nicht gesehen direkt von Kunstschaffenden zu kaufen? Beziehungsweise mit ihnen ins Gespr\u00e4ch zu kommen? Kein Ding, denn auch 2026 bringen wir eine gro\u00dfe Artist Alley aufs Elbenwald Festival!<\/p>\n<p><a class=\"button\" href=\"https:\/\/festival.elbenwald.de\/tickets\/\" rel=\"noopener\">Jetzt Ticket sichern<\/a><\/p>\n<p><a class=\"button-minimal\" href=\"https:\/\/www.elbenwald.de\/Festival\/line-up\/\" rel=\"noopener\">Zum Line-Up<\/a><\/p>\n<hr \/>\n<h3><i class=\"fa fa-camera\" aria-hidden=\"true\"><\/i> Artist Alley<\/h3>\n\t\t\t<style>\r\n                #foogallery-gallery-5257.fg-masonry .fg-item {\r\n                    width: 300px;\r\n                    margin-right: 15px;\r\n                    margin-bottom: 15px;\r\n                }\r\n\t\t\t<\/style>\r\n\t\t\t<div class=\"foogallery foogallery-container foogallery-masonry foogallery-lightbox-foobox fg-masonry fg-light fg-loading-default fg-loaded-fade-in fg-caption-hover fg-hover-fade fg-hover-zoom fg-ready fg-fixed\" id=\"foogallery-gallery-5257\" data-foogallery=\"{&quot;item&quot;:{&quot;showCaptionTitle&quot;:true,&quot;showCaptionDescription&quot;:true},&quot;lazy&quot;:true,&quot;template&quot;:{&quot;columnWidth&quot;:300,&quot;gutter&quot;:15}}\" >\r\n\t\t<div class=\"fg-item fg-type-image fg-idle\"><figure class=\"fg-item-inner\"><a href=\"https:\/\/www.elbenwald.de\/Festival\/wp-content\/uploads\/EWF25_Artist_Alley_GinaWetzler_GW2_9758.jpg\" data-caption-title=\"Artist Alley\" data-caption-desc=\"Foto: Gina Wetzler\" data-attachment-id=\"9322\" data-type=\"image\" class=\"fg-thumb\"><span class=\"fg-image-wrap\"><img fetchpriority=\"high\" decoding=\"async\" alt=\"Zwei Besucherinnen des Elbenwald Festivals bewundern handgefertigten Schmuck und Accessoires an einem Stand. Die fr\u00f6hliche Atmosph\u00e4re und die kreative Vielfalt spiegeln die einzigartige Verbindung von Musik und Nerdkultur wider.\" title=\"Artist Alley\" width=\"300\" height=\"200\" class=\"skip-lazy fg-image\" data-src-fg=\"https:\/\/www.elbenwald.de\/Festival\/wp-content\/uploads\/cache\/EWF25_Artist_Alley_GinaWetzler_GW2_9758\/1718827741.jpg\" src=\"data:image\/svg+xml,%3Csvg%20xmlns%3D%22http%3A%2F%2Fwww.w3.org%2F2000%2Fsvg%22%20width%3D%22300%22%20height%3D%22200%22%20viewBox%3D%220%200%20300%20200%22%3E%3C%2Fsvg%3E\" loading=\"eager\"><\/span><span class=\"fg-image-overlay\"><\/span><\/a><figcaption class=\"fg-caption\"><div class=\"fg-caption-inner\"><div class=\"fg-caption-title\">Artist Alley<\/div><div class=\"fg-caption-desc\">Foto: Gina Wetzler<\/div><\/div><\/figcaption><\/figure><div class=\"fg-loader\"><\/div><\/div><div class=\"fg-item fg-type-image fg-idle\"><figure class=\"fg-item-inner\"><a href=\"https:\/\/www.elbenwald.de\/Festival\/wp-content\/uploads\/EWF25_Artist_Alley_GinaWetzler__W1_0018.jpg\" data-caption-title=\"Artist Alley\" data-caption-desc=\"Foto: Gina Wetzler\" data-attachment-id=\"9321\" data-type=\"image\" class=\"fg-thumb\"><span class=\"fg-image-wrap\"><img decoding=\"async\" alt=\"Besucherinnen des Elbenwald Festivals in fantasievollen Kost\u00fcmen, darunter eine mit Schmetterlingsfl\u00fcgeln und Blumenkranz, erkunden einen Stand mit Schmuck und Accessoires. Die Atmosph\u00e4re ist lebhaft und kreativ, ideal f\u00fcr Fans von Fantasy und Musik.\" title=\"Artist Alley\" width=\"300\" height=\"200\" class=\"skip-lazy fg-image\" data-src-fg=\"https:\/\/www.elbenwald.de\/Festival\/wp-content\/uploads\/cache\/EWF25_Artist_Alley_GinaWetzler__W1_0018\/1070905246.jpg\" src=\"data:image\/svg+xml,%3Csvg%20xmlns%3D%22http%3A%2F%2Fwww.w3.org%2F2000%2Fsvg%22%20width%3D%22300%22%20height%3D%22200%22%20viewBox%3D%220%200%20300%20200%22%3E%3C%2Fsvg%3E\" loading=\"eager\"><\/span><span class=\"fg-image-overlay\"><\/span><\/a><figcaption class=\"fg-caption\"><div class=\"fg-caption-inner\"><div class=\"fg-caption-title\">Artist Alley<\/div><div class=\"fg-caption-desc\">Foto: Gina Wetzler<\/div><\/div><\/figcaption><\/figure><div class=\"fg-loader\"><\/div><\/div><div class=\"fg-item fg-type-image fg-idle\"><figure class=\"fg-item-inner\"><a href=\"https:\/\/www.elbenwald.de\/Festival\/wp-content\/uploads\/EWF25_Artist_Alley_GinaWetzler_GW2_0349.jpg\" data-caption-title=\"Artist Alley\" data-caption-desc=\"Foto: Gina Wetzler\" data-attachment-id=\"9499\" data-type=\"image\" class=\"fg-thumb\"><span class=\"fg-image-wrap\"><img decoding=\"async\" alt=\"Bunte Blument\u00f6pfe in Form von Pok\u00e9mon-Charakteren auf einem Holzregal, pr\u00e4sentiert auf dem Elbenwald Festival. Die T\u00f6pfe zeigen kreative Designs mit verschiedenen Gesichtern und Ohren, ideal f\u00fcr Pflanzenliebhaber und Fans der Popkultur.\" title=\"Artist Alley\" width=\"300\" height=\"200\" class=\"skip-lazy fg-image\" data-src-fg=\"https:\/\/www.elbenwald.de\/Festival\/wp-content\/uploads\/cache\/EWF25_Artist_Alley_GinaWetzler_GW2_0349\/4099941065.jpg\" src=\"data:image\/svg+xml,%3Csvg%20xmlns%3D%22http%3A%2F%2Fwww.w3.org%2F2000%2Fsvg%22%20width%3D%22300%22%20height%3D%22200%22%20viewBox%3D%220%200%20300%20200%22%3E%3C%2Fsvg%3E\" loading=\"eager\"><\/span><span class=\"fg-image-overlay\"><\/span><\/a><figcaption class=\"fg-caption\"><div class=\"fg-caption-inner\"><div class=\"fg-caption-title\">Artist Alley<\/div><div class=\"fg-caption-desc\">Foto: Gina Wetzler<\/div><\/div><\/figcaption><\/figure><div class=\"fg-loader\"><\/div><\/div><div class=\"fg-item fg-type-image fg-idle\"><figure class=\"fg-item-inner\"><a href=\"https:\/\/www.elbenwald.de\/Festival\/wp-content\/uploads\/EWF25_Artist_Alley_GinaWetzler__W1_0002.jpg\" data-caption-title=\"Artist Alley\" data-caption-desc=\"Foto: Gina Wetzler\" data-attachment-id=\"9320\" data-type=\"image\" class=\"fg-thumb\"><span class=\"fg-image-wrap\"><img decoding=\"async\" alt=\"Bunte Merchandise-St\u00e4nde auf dem Elbenwald Festival, mit Besuchern, die verschiedene kreative Produkte wie Sticker, Tassen und Schl\u00fcsselanh\u00e4nger durchst\u00f6bern. Die Atmosph\u00e4re ist lebhaft und einladend f\u00fcr Fans von Popkultur und Musik.\" title=\"Artist Alley\" width=\"300\" height=\"200\" class=\"skip-lazy fg-image\" data-src-fg=\"https:\/\/www.elbenwald.de\/Festival\/wp-content\/uploads\/cache\/EWF25_Artist_Alley_GinaWetzler__W1_0002\/1763049657.jpg\" src=\"data:image\/svg+xml,%3Csvg%20xmlns%3D%22http%3A%2F%2Fwww.w3.org%2F2000%2Fsvg%22%20width%3D%22300%22%20height%3D%22200%22%20viewBox%3D%220%200%20300%20200%22%3E%3C%2Fsvg%3E\" loading=\"eager\"><\/span><span class=\"fg-image-overlay\"><\/span><\/a><figcaption class=\"fg-caption\"><div class=\"fg-caption-inner\"><div class=\"fg-caption-title\">Artist Alley<\/div><div class=\"fg-caption-desc\">Foto: Gina Wetzler<\/div><\/div><\/figcaption><\/figure><div class=\"fg-loader\"><\/div><\/div><div class=\"fg-item fg-type-image fg-idle\"><figure class=\"fg-item-inner\"><a href=\"https:\/\/www.elbenwald.de\/Festival\/wp-content\/uploads\/EWF25_ArtistAlley_RobinSchmiedebachPhoto_20250809-101152.jpg\" data-caption-title=\"Artist Alley\" data-caption-desc=\"Foto: Robin Schmiedebach\" data-attachment-id=\"9500\" data-type=\"image\" class=\"fg-thumb\"><span class=\"fg-image-wrap\"><img decoding=\"async\" alt=\"Zwei junge Frauen posieren l\u00e4chelnd f\u00fcr die Kamera auf dem Elbenwald Festival, umgeben von bunten Kunstwerken und Merchandise. Die Atmosph\u00e4re ist lebhaft, mit einer Mischung aus Kreativit\u00e4t und Begeisterung f\u00fcr die Popkultur.\" title=\"Artist Alley\" width=\"300\" height=\"199\" class=\"skip-lazy fg-image\" data-src-fg=\"https:\/\/www.elbenwald.de\/Festival\/wp-content\/uploads\/cache\/EWF25_ArtistAlley_RobinSchmiedebachPhoto_20250809-101152\/3750100288.jpg\" src=\"data:image\/svg+xml,%3Csvg%20xmlns%3D%22http%3A%2F%2Fwww.w3.org%2F2000%2Fsvg%22%20width%3D%22300%22%20height%3D%22199%22%20viewBox%3D%220%200%20300%20199%22%3E%3C%2Fsvg%3E\" loading=\"eager\"><\/span><span class=\"fg-image-overlay\"><\/span><\/a><figcaption class=\"fg-caption\"><div class=\"fg-caption-inner\"><div class=\"fg-caption-title\">Artist Alley<\/div><div class=\"fg-caption-desc\">Foto: Robin Schmiedebach<\/div><\/div><\/figcaption><\/figure><div class=\"fg-loader\"><\/div><\/div><div class=\"fg-item fg-type-image fg-idle\"><figure class=\"fg-item-inner\"><a href=\"https:\/\/www.elbenwald.de\/Festival\/wp-content\/uploads\/EWF25_Mittelalter_GinaWetzler_GW2_0332.jpg\" data-caption-title=\"Artist Alley\" data-caption-desc=\"Bild: Gina Wetzler\" data-attachment-id=\"9607\" data-type=\"image\" class=\"fg-thumb\"><span class=\"fg-image-wrap\"><img decoding=\"async\" alt=\"Eine Person mit einem gr\u00fcnen Hut betrachtet Schmuck und Accessoires an einem Stand auf dem Elbenwald Festival, umgeben von bunten Halsketten und Anh\u00e4ngern. Der Stand bietet eine Vielzahl von nerdigen und kreativen Produkten f\u00fcr Festivalbesucher.\" title=\"Artist Alley\" width=\"300\" height=\"200\" class=\"skip-lazy fg-image\" data-src-fg=\"https:\/\/www.elbenwald.de\/Festival\/wp-content\/uploads\/cache\/EWF25_Mittelalter_GinaWetzler_GW2_0332\/924464578.jpg\" src=\"data:image\/svg+xml,%3Csvg%20xmlns%3D%22http%3A%2F%2Fwww.w3.org%2F2000%2Fsvg%22%20width%3D%22300%22%20height%3D%22200%22%20viewBox%3D%220%200%20300%20200%22%3E%3C%2Fsvg%3E\" loading=\"eager\"><\/span><span class=\"fg-image-overlay\"><\/span><\/a><figcaption class=\"fg-caption\"><div class=\"fg-caption-inner\"><div class=\"fg-caption-title\">Artist Alley<\/div><div class=\"fg-caption-desc\">Bild: Gina Wetzler<\/div><\/div><\/figcaption><\/figure><div class=\"fg-loader\"><\/div><\/div><div class=\"fg-item fg-type-image fg-idle\"><figure class=\"fg-item-inner\"><a href=\"https:\/\/www.elbenwald.de\/Festival\/wp-content\/uploads\/ewf22_artistalley_rainerkeuenhof_a26i2973-scaled.jpg\" data-caption-desc=\"Foto: Rainer Keuenhof\" data-attachment-id=\"6293\" data-type=\"image\" class=\"fg-thumb\"><span class=\"fg-image-wrap\"><img decoding=\"async\" width=\"300\" height=\"450\" class=\"skip-lazy fg-image\" data-src-fg=\"https:\/\/www.elbenwald.de\/Festival\/wp-content\/uploads\/cache\/ewf22_artistalley_rainerkeuenhof_a26i2973-scaled\/1386832202.jpg\" src=\"data:image\/svg+xml,%3Csvg%20xmlns%3D%22http%3A%2F%2Fwww.w3.org%2F2000%2Fsvg%22%20width%3D%22300%22%20height%3D%22450%22%20viewBox%3D%220%200%20300%20450%22%3E%3C%2Fsvg%3E\" loading=\"eager\"><\/span><span class=\"fg-image-overlay\"><\/span><\/a><figcaption class=\"fg-caption\"><div class=\"fg-caption-inner\"><div class=\"fg-caption-desc\">Foto: Rainer Keuenhof<\/div><\/div><\/figcaption><\/figure><div class=\"fg-loader\"><\/div><\/div><div class=\"fg-item fg-type-image fg-idle\"><figure class=\"fg-item-inner\"><a href=\"https:\/\/www.elbenwald.de\/Festival\/wp-content\/uploads\/ewf22_artistalley_rainerkeuenhof_am4i2654-scaled.jpg\" data-caption-desc=\"Foto: Rainer Keuenhof\" data-attachment-id=\"6287\" data-type=\"image\" class=\"fg-thumb\"><span class=\"fg-image-wrap\"><img decoding=\"async\" width=\"300\" height=\"200\" class=\"skip-lazy fg-image\" data-src-fg=\"https:\/\/www.elbenwald.de\/Festival\/wp-content\/uploads\/cache\/ewf22_artistalley_rainerkeuenhof_am4i2654-scaled\/3428861029.jpg\" src=\"data:image\/svg+xml,%3Csvg%20xmlns%3D%22http%3A%2F%2Fwww.w3.org%2F2000%2Fsvg%22%20width%3D%22300%22%20height%3D%22200%22%20viewBox%3D%220%200%20300%20200%22%3E%3C%2Fsvg%3E\" loading=\"eager\"><\/span><span class=\"fg-image-overlay\"><\/span><\/a><figcaption class=\"fg-caption\"><div class=\"fg-caption-inner\"><div class=\"fg-caption-desc\">Foto: Rainer Keuenhof<\/div><\/div><\/figcaption><\/figure><div class=\"fg-loader\"><\/div><\/div><div class=\"fg-item fg-type-image fg-idle\"><figure class=\"fg-item-inner\"><a href=\"https:\/\/www.elbenwald.de\/Festival\/wp-content\/uploads\/ewf22_artistalley_rainerkeuenhof_am4i2651-scaled.jpg\" data-caption-desc=\"Foto: Rainer Keuenhof\" data-attachment-id=\"6288\" data-type=\"image\" class=\"fg-thumb\"><span class=\"fg-image-wrap\"><img decoding=\"async\" width=\"300\" height=\"200\" class=\"skip-lazy fg-image\" data-src-fg=\"https:\/\/www.elbenwald.de\/Festival\/wp-content\/uploads\/cache\/ewf22_artistalley_rainerkeuenhof_am4i2651-scaled\/2542642673.jpg\" src=\"data:image\/svg+xml,%3Csvg%20xmlns%3D%22http%3A%2F%2Fwww.w3.org%2F2000%2Fsvg%22%20width%3D%22300%22%20height%3D%22200%22%20viewBox%3D%220%200%20300%20200%22%3E%3C%2Fsvg%3E\" loading=\"eager\"><\/span><span class=\"fg-image-overlay\"><\/span><\/a><figcaption class=\"fg-caption\"><div class=\"fg-caption-inner\"><div class=\"fg-caption-desc\">Foto: Rainer Keuenhof<\/div><\/div><\/figcaption><\/figure><div class=\"fg-loader\"><\/div><\/div><div class=\"fg-item fg-type-image fg-idle\"><figure class=\"fg-item-inner\"><a href=\"https:\/\/www.elbenwald.de\/Festival\/wp-content\/uploads\/ewf22_artistalley_rainerkeuenhof_a26i2979-scaled.jpg\" data-caption-desc=\"Foto: Rainer Keuenhof\" data-attachment-id=\"6290\" data-type=\"image\" class=\"fg-thumb\"><span class=\"fg-image-wrap\"><img decoding=\"async\" width=\"300\" height=\"200\" class=\"skip-lazy fg-image\" data-src-fg=\"https:\/\/www.elbenwald.de\/Festival\/wp-content\/uploads\/cache\/ewf22_artistalley_rainerkeuenhof_a26i2979-scaled\/2654885936.jpg\" src=\"data:image\/svg+xml,%3Csvg%20xmlns%3D%22http%3A%2F%2Fwww.w3.org%2F2000%2Fsvg%22%20width%3D%22300%22%20height%3D%22200%22%20viewBox%3D%220%200%20300%20200%22%3E%3C%2Fsvg%3E\" loading=\"eager\"><\/span><span class=\"fg-image-overlay\"><\/span><\/a><figcaption class=\"fg-caption\"><div class=\"fg-caption-inner\"><div class=\"fg-caption-desc\">Foto: Rainer Keuenhof<\/div><\/div><\/figcaption><\/figure><div class=\"fg-loader\"><\/div><\/div><div class=\"fg-item fg-type-image fg-idle\"><figure class=\"fg-item-inner\"><a href=\"https:\/\/www.elbenwald.de\/Festival\/wp-content\/uploads\/ewf22_artistalley_rainerkeuenhof_am4i2650-scaled.jpg\" data-caption-desc=\"Foto: Rainer Keuenhof\" data-attachment-id=\"6289\" data-type=\"image\" class=\"fg-thumb\"><span class=\"fg-image-wrap\"><img decoding=\"async\" width=\"300\" height=\"200\" class=\"skip-lazy fg-image\" data-src-fg=\"https:\/\/www.elbenwald.de\/Festival\/wp-content\/uploads\/cache\/ewf22_artistalley_rainerkeuenhof_am4i2650-scaled\/1224622653.jpg\" src=\"data:image\/svg+xml,%3Csvg%20xmlns%3D%22http%3A%2F%2Fwww.w3.org%2F2000%2Fsvg%22%20width%3D%22300%22%20height%3D%22200%22%20viewBox%3D%220%200%20300%20200%22%3E%3C%2Fsvg%3E\" loading=\"eager\"><\/span><span class=\"fg-image-overlay\"><\/span><\/a><figcaption class=\"fg-caption\"><div class=\"fg-caption-inner\"><div class=\"fg-caption-desc\">Foto: Rainer Keuenhof<\/div><\/div><\/figcaption><\/figure><div class=\"fg-loader\"><\/div><\/div><div class=\"fg-item fg-type-image fg-idle\"><figure class=\"fg-item-inner\"><a href=\"https:\/\/www.elbenwald.de\/Festival\/wp-content\/uploads\/ewf22_artistalley_rainerkeuenhof_a26i2974-scaled.jpg\" data-caption-desc=\"Foto: Rainer Keuenhof\" data-attachment-id=\"6291\" data-type=\"image\" class=\"fg-thumb\"><span class=\"fg-image-wrap\"><img decoding=\"async\" width=\"300\" height=\"200\" class=\"skip-lazy fg-image\" data-src-fg=\"https:\/\/www.elbenwald.de\/Festival\/wp-content\/uploads\/cache\/ewf22_artistalley_rainerkeuenhof_a26i2974-scaled\/79173144.jpg\" src=\"data:image\/svg+xml,%3Csvg%20xmlns%3D%22http%3A%2F%2Fwww.w3.org%2F2000%2Fsvg%22%20width%3D%22300%22%20height%3D%22200%22%20viewBox%3D%220%200%20300%20200%22%3E%3C%2Fsvg%3E\" loading=\"eager\"><\/span><span class=\"fg-image-overlay\"><\/span><\/a><figcaption class=\"fg-caption\"><div class=\"fg-caption-inner\"><div class=\"fg-caption-desc\">Foto: Rainer Keuenhof<\/div><\/div><\/figcaption><\/figure><div class=\"fg-loader\"><\/div><\/div><div class=\"fg-item fg-type-image fg-idle\"><figure class=\"fg-item-inner\"><a href=\"https:\/\/www.elbenwald.de\/Festival\/wp-content\/uploads\/ewf22_artistalley_rainerkeuenhof_a26i2976-scaled.jpg\" data-caption-desc=\"Foto: Rainer Keuenhof\" data-attachment-id=\"6292\" data-type=\"image\" class=\"fg-thumb\"><span class=\"fg-image-wrap\"><img decoding=\"async\" width=\"300\" height=\"200\" class=\"skip-lazy fg-image\" data-src-fg=\"https:\/\/www.elbenwald.de\/Festival\/wp-content\/uploads\/cache\/ewf22_artistalley_rainerkeuenhof_a26i2976-scaled\/128377829.jpg\" src=\"data:image\/svg+xml,%3Csvg%20xmlns%3D%22http%3A%2F%2Fwww.w3.org%2F2000%2Fsvg%22%20width%3D%22300%22%20height%3D%22200%22%20viewBox%3D%220%200%20300%20200%22%3E%3C%2Fsvg%3E\" loading=\"eager\"><\/span><span class=\"fg-image-overlay\"><\/span><\/a><figcaption class=\"fg-caption\"><div class=\"fg-caption-inner\"><div class=\"fg-caption-desc\">Foto: Rainer Keuenhof<\/div><\/div><\/figcaption><\/figure><div class=\"fg-loader\"><\/div><\/div><div class=\"fg-item fg-type-image fg-idle\"><figure class=\"fg-item-inner\"><a href=\"https:\/\/www.elbenwald.de\/Festival\/wp-content\/uploads\/ewf22_artist-alley_nina_krueger_0811-scaled.jpg\" data-caption-desc=\"Foto: Nina Kr\u00fcger\" data-attachment-id=\"6294\" data-type=\"image\" class=\"fg-thumb\"><span class=\"fg-image-wrap\"><img decoding=\"async\" width=\"300\" height=\"199\" class=\"skip-lazy fg-image\" data-src-fg=\"https:\/\/www.elbenwald.de\/Festival\/wp-content\/uploads\/cache\/ewf22_artist-alley_nina_krueger_0811-scaled\/1934245539.jpg\" src=\"data:image\/svg+xml,%3Csvg%20xmlns%3D%22http%3A%2F%2Fwww.w3.org%2F2000%2Fsvg%22%20width%3D%22300%22%20height%3D%22199%22%20viewBox%3D%220%200%20300%20199%22%3E%3C%2Fsvg%3E\" loading=\"eager\"><\/span><span class=\"fg-image-overlay\"><\/span><\/a><figcaption class=\"fg-caption\"><div class=\"fg-caption-inner\"><div class=\"fg-caption-desc\">Foto: Nina Kr\u00fcger<\/div><\/div><\/figcaption><\/figure><div class=\"fg-loader\"><\/div><\/div><\/div>\n","protected":false},"excerpt":{"rendered":"<p>In unserer gro\u00dfartigen Artist Alley stehen Kunstschaffende im Rampenlicht! Hier findest du einzigartige Kreationen von den Kreativen dieser Welt.<\/p>\n","protected":false},"author":5,"featured_media":10012,"parent":30,"menu_order":900,"comment_status":"closed","ping_status":"closed","template":"templates\/grid-page.php","meta":{"inline_featured_image":false,"footnotes":""},"class_list":["post-4972","page","type-page","status-publish","has-post-thumbnail","hentry"],"aioseo_notices":[],"_links":{"self":[{"href":"https:\/\/www.elbenwald.de\/Festival\/wp-json\/wp\/v2\/pages\/4972","targetHints":{"allow":["GET"]}}],"collection":[{"href":"https:\/\/www.elbenwald.de\/Festival\/wp-json\/wp\/v2\/pages"}],"about":[{"href":"https:\/\/www.elbenwald.de\/Festival\/wp-json\/wp\/v2\/types\/page"}],"author":[{"embeddable":true,"href":"https:\/\/www.elbenwald.de\/Festival\/wp-json\/wp\/v2\/users\/5"}],"replies":[{"embeddable":true,"href":"https:\/\/www.elbenwald.de\/Festival\/wp-json\/wp\/v2\/comments?post=4972"}],"version-history":[{"count":41,"href":"https:\/\/www.elbenwald.de\/Festival\/wp-json\/wp\/v2\/pages\/4972\/revisions"}],"predecessor-version":[{"id":10027,"href":"https:\/\/www.elbenwald.de\/Festival\/wp-json\/wp\/v2\/pages\/4972\/revisions\/10027"}],"up":[{"embeddable":true,"href":"https:\/\/www.elbenwald.de\/Festival\/wp-json\/wp\/v2\/pages\/30"}],"wp:featuredmedia":[{"embeddable":true,"href":"https:\/\/www.elbenwald.de\/Festival\/wp-json\/wp\/v2\/media\/10012"}],"wp:attachment":[{"href":"https:\/\/www.elbenwald.de\/Festival\/wp-json\/wp\/v2\/media?parent=4972"}],"curies":[{"name":"wp","href":"https:\/\/api.w.org\/{rel}","templated":true}]}}