{"id":448,"date":"2017-12-19T15:27:03","date_gmt":"2017-12-19T14:27:03","guid":{"rendered":"https:\/\/www.elbenwald.de\/Festival\/?page_id=448"},"modified":"2026-03-30T12:47:24","modified_gmt":"2026-03-30T10:47:24","slug":"wohnwagen","status":"publish","type":"page","link":"https:\/\/www.elbenwald.de\/Festival\/wohnen\/wohnwagen\/","title":{"rendered":"AUSVERKAUFT &#8211; Wohnmobil"},"content":{"rendered":"<h2>AUSVERKAUFT &#8211; Wohnmobil<\/h2>\n<figure id=\"attachment_575\" aria-describedby=\"caption-attachment-575\" style=\"width: 500px\" class=\"wp-caption alignright\"><img loading=\"lazy\" decoding=\"async\" class=\"wp-image-575\" title=\"Wohnwagen\" src=\"https:\/\/www.elbenwald.de\/Festival\/wp-content\/uploads\/2017\/12\/wohnen_wohnwagen_post-300x263.jpg\" alt=\"Wohnwagen\" width=\"500\" height=\"438\" srcset=\"https:\/\/www.elbenwald.de\/Festival\/wp-content\/uploads\/2017\/12\/wohnen_wohnwagen_post-300x263.jpg 300w, https:\/\/www.elbenwald.de\/Festival\/wp-content\/uploads\/2017\/12\/wohnen_wohnwagen_post.jpg 768w\" sizes=\"auto, (max-width: 500px) 100vw, 500px\" \/><figcaption id=\"caption-attachment-575\" class=\"wp-caption-text\">Wohnmobil<\/figcaption><\/figure>\n<p class=\"p1\"><span class=\"s1\">Unter Kennern gilt das Wohnmobil als ultimatives Festival-Erlebnis. Es verbindet die Vorteile eines Hotels &#8211; Schutz vor Wind und Wetter, ein bequemes Bett und flie\u00dfendes Wasser &#8211; mit dem unvergleichlichen Festival-Feeling. Mit einem optionalen WoMo-Strom-Ticket erh\u00e4ltst du zus\u00e4tzlich einen eigenen Stromanschluss mit bis zu 500 Watt Leistung!<\/span><\/p>\n<p>Weil die vielseitigen \u00dcber-Vehikel so beliebt sind, gibt es ein paar Dinge zu beachten:<\/p>\n<ul>\n<li>Aufgrund ihrer Gr\u00f6\u00dfe sind nur begrenzt Stellpl\u00e4tze verf\u00fcgbar<\/li>\n<li>Ein WoMo-Ticket muss zwingend im Voraus gebucht werden<\/li>\n<li>Dein Wohnmobil darf maximal elf Meter lang sein und nicht mehr als 3,5 Tonnen wiegen<\/li>\n<li>Die Pr\u00fcfsiegel der Gasanlagen m\u00fcssen unbedingt aktuell sein<\/li>\n<li>Pro Wohnmobil ist maximal ein Vorzelt oder eine Pagode erlaubt<\/li>\n<li>Dein WoMo-Ticket\u00a0<span class=\"s1\">musst du gut sichtbar in dein Cockpit legen<br \/>\n<\/span><\/li>\n<li>gilt f\u00fcr Wohnmobile, Wohnwagen, normale und au\u00dfergew\u00f6hnliche Autos, Faltanh\u00e4nger und alle weiteren Fahrzeuge<\/li>\n<li>F\u00fcr den Stromanschluss brauchst du ein 25 Meter langes Verl\u00e4ngerungskabel mit Schuko-Anschluss (16 Ampere, 2,5 mm\u00b2 Kabelquerschnitt)<\/li>\n<\/ul>\n<p><a class=\"button\" href=\"https:\/\/festival.elbenwald.de\/wohnmobil-plakette-elbenwald-festival-2026\" target=\"_blank\" rel=\"noopener noreferrer\">Zur Plakette &#8211; ab 99 \u20ac \u20ac<\/a><\/p>\n<p><a class=\"button\" href=\"https:\/\/festival.elbenwald.de\/Camping-Ticket-Elbenwald-Festival-2026\" target=\"_blank\" rel=\"noopener noreferrer\">Camping-Ticket 50 \u20ac<\/a><\/p>\n<p><em>Hinweis: Die Nutzung dieser Campingvariante ist nur in Verbindung mit einem Camping-Ticket pro Person m\u00f6glich.<\/em><\/p>\n","protected":false},"excerpt":{"rendered":"<p>Ein Wohnwagen steht f\u00fcr das ultimative Festival-Erlebnis, verbindet es doch die Vorteile eines Hotels mit dem unvergleichlichen Festival-Feeling.<\/p>\n","protected":false},"author":4,"featured_media":574,"parent":39,"menu_order":60,"comment_status":"closed","ping_status":"closed","template":"templates\/grid-page.php","meta":{"inline_featured_image":false,"footnotes":""},"class_list":["post-448","page","type-page","status-publish","has-post-thumbnail","hentry"],"aioseo_notices":[],"_links":{"self":[{"href":"https:\/\/www.elbenwald.de\/Festival\/wp-json\/wp\/v2\/pages\/448","targetHints":{"allow":["GET"]}}],"collection":[{"href":"https:\/\/www.elbenwald.de\/Festival\/wp-json\/wp\/v2\/pages"}],"about":[{"href":"https:\/\/www.elbenwald.de\/Festival\/wp-json\/wp\/v2\/types\/page"}],"author":[{"embeddable":true,"href":"https:\/\/www.elbenwald.de\/Festival\/wp-json\/wp\/v2\/users\/4"}],"replies":[{"embeddable":true,"href":"https:\/\/www.elbenwald.de\/Festival\/wp-json\/wp\/v2\/comments?post=448"}],"version-history":[{"count":37,"href":"https:\/\/www.elbenwald.de\/Festival\/wp-json\/wp\/v2\/pages\/448\/revisions"}],"predecessor-version":[{"id":10097,"href":"https:\/\/www.elbenwald.de\/Festival\/wp-json\/wp\/v2\/pages\/448\/revisions\/10097"}],"up":[{"embeddable":true,"href":"https:\/\/www.elbenwald.de\/Festival\/wp-json\/wp\/v2\/pages\/39"}],"wp:featuredmedia":[{"embeddable":true,"href":"https:\/\/www.elbenwald.de\/Festival\/wp-json\/wp\/v2\/media\/574"}],"wp:attachment":[{"href":"https:\/\/www.elbenwald.de\/Festival\/wp-json\/wp\/v2\/media?parent=448"}],"curies":[{"name":"wp","href":"https:\/\/api.w.org\/{rel}","templated":true}]}}